e 13, what is 4923b - 5?
49236
In base 5, what is 444303 + -1?
444302
In base 14, what is -18 + -3aa?
-3c4
In base 7, what is -405 - -252?
-123
In base 13, what is -4 - 7c9a4?
-7c9a8
In base 7, what is 5 + -662134?
-662126
In base 10, what is 17 - 147838?
-147821
In base 12, what is 1 - -13b0?
13b1
In base 6, what is -22254 + 203?
-22051
In base 3, what is 200210200120 + 12?
200210200202
In base 10, what is 50 - 2378?
-2328
In base 2, what is -1011010100 - 110010011011?
-111101101111
In base 2, what is -1000 - 10000100010111?
-10000100011111
In base 9, what is -1 - -7228?
7227
In base 5, what is -31442030 - -3?
-31442022
In base 14, what is 2 - 145da2?
-145da0
In base 10, what is -1177 - -8?
-1169
In base 7, what is 1214120 - -2?
1214122
In base 5, what is -244 - 1143312?
-1144111
In base 7, what is 44653 + -3?
44650
In base 14, what is 1c - 48?
-2a
In base 15, what is 3a62 - -6?
3a68
In base 6, what is 12003 - 21?
11542
In base 7, what is -43162 - 0?
-43162
In base 4, what is -1003 - 300?
-1303
In base 14, what is 503c - -2?
5040
In base 6, what is -12 - -245?
233
In base 14, what is 1dcd7 + -5?
1dcd2
In base 8, what is -4 + -216317?
-216323
In base 15, what is 5 + 2c1b3?
2c1b8
In base 14, what is 20a1 + -35?
206a
In base 16, what is 9 - 48?
-3f
In base 15, what is -a - -574e?
5744
In base 10, what is -100 - -287?
187
In base 12, what is 14787 + 3?
1478a
In base 8, what is -14106 + 4?
-14102
In base 3, what is -2 + 1210122212?
1210122210
In base 13, what is -16296a + 2?
-162968
In base 7, what is -103 - 125?
-231
In base 14, what is 0 - 102c47?
-102c47
In base 6, what is 0 - 121334?
-121334
In base 16, what is -1 + 56d?
56c
In base 3, what is 100012120 + 1122021?
101211211
In base 8, what is 3 + 46136?
46141
In base 9, what is 1504 - -27?
1532
In base 5, what is 114441142 - -1?
114441143
In base 16, what is f + 18c23?
18c32
In base 3, what is 1122221 - 22?
1122122
In base 6, what is -4102515 + 10?
-4102505
In base 2, what is 1100110 + 1110100111?
10000001101
In base 8, what is 1072770 + 1?
1072771
In base 8, what is -5346 - 36?
-5404
In base 10, what is 11 - 2520?
-2509
In base 7, what is -252653 - -31?
-252622
In base 7, what is 45314 - 25?
45256
In base 14, what is -9 - -458c?
4583
In base 4, what is -1212 - 33233?
-101111
In base 16, what is -4 - -7e6d?
7e69
In base 8, what is 13 - 370335?
-370322
In base 10, what is 1 + -3978?
-3977
In base 10, what is 10 - -10719?
10729
In base 16, what is 3 - -5606a?
5606d
In base 3, what is 111121120002 + 1?
111121120010
In base 15, what is 545e + -5?
5459
In base 14, what is -b4b + -10c?
-c59
In base 4, what is 32311 + 1202?
100113
In base 12, what is -7a495 + -4?
-7a499
In base 2, what is 1011000 + 101010010010?
101011101010
In base 8, what is 5 + -44036?
-44031
In base 16, what is 6 - 57a55?
-57a4f
In base 5, what is -10 - 10102?
-10112
In base 12, what is -1 - -6142?
6141
In base 2, what is 11010110011001 - 1000?
11010110010001
In base 2, what is 10001000011011 - 111?
10001000010100
In base 10, what is -22 + 37746?
37724
In base 2, what is -11 + -1001100100111110?
-1001100101000001
In base 6, what is -24 - 151420?
-151444
In base 14, what is c46d6 + -3?
c46d3
In base 12, what is 4052 + 4?
4056
In base 15, what is 41eb - -9d?
4299
In base 11, what is 12 - -972a?
9741
In base 6, what is 154 - 2354?
-2200
In base 6, what is -355110 - -5?
-355101
In base 8, what is 3 - -3127373?
3127376
In base 2, what is 10110100110011101 + 1?
10110100110011110
In base 6, what is 202 - 1030135?
-1025533
In base 14, what is 680 - 44?
63a
In base 16, what is -1b2 + 932?
780
In base 13, what is 3196c - 19?
31953
In base 11, what is 1545 + 645?
208a
In base 2, what is -1000010 + -11010111001?
-11011111011
In base 10, what is 3097513 + -2?
3097511
In base 2, what is -1100 + 10010100101101001011?
10010100101100111111
In base 16, what is 3 + -1d39?
-1d36
In base 8, what is -1046 - -6?
-1040
In base 5, what is -13 - -44221014?
44221001
In base 3, what is -1100100 - -121?
-1022202
In base 11, what is -329a - 18?
-3307
In base 8, what is -156166 + 0?
-156166
In base 4, what is -3222 - 2311?
-12133
In base 10, what is -20 + -1191?
-1211
In base 10, what is -4 - -83940?
83936
In base 15, what is 48 - 1549?
-1501
In base 12, what is -3 + -b7a?
-b81
In base 8, what is -456653 + 1?
-456652
In base 9, what is 1 + 1158673?
1158674
In base 8, what is 10056326 - -5?
10056333
In base 11, what is 13 + -206815?
-206802
In base 7, what is -1003 + 6134?
5131
In base 14, what is -387 - 255?
-5dc
In base 9, what is 60715 + -10?
60705
In base 12, what is -5 + 9b222?
9b219
In base 9, what is 363 - 83?
270
In base 11, what is 0 - 9a6130?
-9a6130
In base 5, what is 3 - 11020043?
-11020040
In base 3, what is -112122212 - 111?
-112200100
In base 13, what is 369a1 + -4?
3699a
In base 3, what is -10100220 - 2222?
-10110212
In base 13, what is 7 + b4c?
b56
In base 7, what is -434 - 1111?
-1545
In base 15, what is -1a9 + 7?
-1a2
In base 12, what is 5 - -30b3?
30b8
In base 5, what is 130 - 11321?
-11141
In base 16, what is -4 - 3bc66?
-3bc6a
In base 16, what is -1 - -4ff3?
4ff2
In base 15, what is -37a6 + 2?
-37a4
In base 5, what is 2434133 - 3?
2434130
In base 6, what is -51 - 14501?
-14552
In base 8, what is 5 - -103763?
103770
In base 7, what is 1104240 + -5?
1104232
In base 11, what is -77 + 7841?
7775
In base 6, what is -4204 - 21?
-4225
In base 6, what is 14222 - 40?
14142
In base 11, what is -1 + -7011a?
-70120
In base 13, what is 51510 - -5?
51515
In base 16, what is b0fdb + 5?
b0fe0
In base 9, what is 2 - -1121437?
1121440
In base 15, what is -15 - -1e1?
1cb
In base 8, what is 331 + 342?
673
In base 15, what is 35a10a + -5?
35a105
In base 15, what is -12 - -1365?
1353
In base 11, what is 5 - -46a655?
46a65a
In base 8, what is 7746 + -210?
7536
In base 14, what is 99c43 - 2?
99c41
In base 8, what is -7 - -633?
624
In base 16, what is 37 - 401?
-3ca
In base 6, what is -12524 + 50?
-12434
In base 10, what is 8 + 143?
151
In base 11, what is 6 - -6261?
6267
In base 11, what is -230a2 + 10?
-23092
In base 9, what is -247 + -8374?
-8632
In base 15, what is -773 - -1e?
-754
In base 3, what is -10000211 - 122110?
-10200021
In base 9, what is -22 + 5742?
5720
In base 13, what is c + 139?
148
In base 3, what is -1211020112 - -1221?
-1211011121
In base 9, what is 761 + -378?
372
In base 5, what is 1411 + 410?
2321
In base 14, what is -b524 + 6?
-b51c
In base 13, what is -42 - -114bb?
11479
In base 2, what is -1010011010011101011001 + 100?
-1010011010011101010101
In base 14, what is -2 + 5580?
557c
In base 5, what is -110 + -3402232?
-3402342
In base 7, what is -222655 - 10?
-222665
In base 10, what is -2123 - -4?
-2119
In base 15, what is 14b1 + d?
14be
In base 8, what is -2 + -2574?
-2576
In base 5, what is 112010133 - -2?
112010140
In base 7, what is 0 - -126030?
126030
In base 3, what is -122 + 101000202?
101000010
In base 3, what is 10 - 1212220202?
-1212220122
In base 9, what is 3 + -14466?
-14463
In base 16, what is 59 + -124?
-cb
In base 4, what is -122 + 2021?
1233
In base 16, what is -6a - -a5c?
9f2
In base 6, what is 30 - 12341?
-12311
In base 11, what is 2 - 18768?
-18766
In base 3, what is 2202002 + -11?
2201221
In base 14, what is 20 + 658?
678
In base 13, what is -2 - -10a25b?
10a259
In base 7, what is 54531 - 14?
54514
In base 6, what is -14 - 41423?
-41441
In base 10, what is -158 - 87?
-245
In base 10, what is 192 - 136?
56
In base 13, what is -3 + -1b603?
-1b606
In base 15, what is a981 + -6?
a97a
In base 7, what is 1 - -431651?
431652
In base 10, what is -887 + 13?
-874
In base 14, what is 2005c - 6?
20056
In base 12, what is -29916 - -2?
-29914
In base 3, what is -1111222110 - 102?
-1111222212
In base 10, what is -153460 + -5?
-153465
In base 15, what is -499aa + 1?
-499a9
In base 8, what is 6 - -10416?
10424
In base 13, what is -11 - 999?
-9aa
In base 3, what is -1012122 + 112?
-1012010
In base 2, what is 1011100 - 100101111101?
-100100100001
In base 2, what is -1011000 + -111110010010?
-111111101010
In base 13, what is 3835 - -18?
3850
In base 16, what is 1155 + -5c?
10f9
In base 13, what is 174 - 221?
-7a
In base 2, what is -110000 + -11000?
-1001000
In base 6, what is -1105315 + -13?
-1105332
In base 12, what is -5674 + -1?
-56